 1795*r - 66410. Let u be w(37). Let p(f) = 19 - f - 4*f + 0*f. What is p(u)?
-6
Let a(q) = -3*q**2 - 84*q + 41. Let r = 3610 + -3638. Give a(r).
41
Let g(o) = -o**2 - 20*o - 50. Let h = 25747 + -25761. Give g(h).
34
Let j = -505 + 507. Let z be -5*((-8)/(-40) + j). Let t(v) = v**2 + 10*v - 7. Give t(z).
4
Let v(s) = 5*s**2 - 6*s + 13. Let m(c) = -14*c**2 + 19*c - 38. Let n(f) = 8*m(f) + 22*v(f). Calculate n(8).
14
Let l(i) = -1 + 4*i**2 + 3*i**3 + 0*i**2 - 2*i**3 - 2. Let v(j) = 3*j + 54. Let w be v(-16). Let o be (9/(-6))/(9/4)*w. Give l(o).
-3
Let y(m) = m**3 + 6*m**2 + 7*m - 3. Let v be y(-4). Suppose 2*x = -h - 7 - 4, v = -x - 5*h. Let d(w) = -w**2 - 10*w - 7. Give d(x).
17
Let t(r) = r**2 + 11*r + 9. Suppose -j - 3*l + 54 = 0, 38*j - 5*l = 36*j + 130. Suppose -4*m - q = m + j, q = -m - 16. Determine t(m).
9
Let m(b) = -b - 11. Let i(u) = 6. Let d(z) = -5*i(z) - 3*m(z). Suppose 240*o - 491*o = 73 + 429. Calculate d(o).
-3
Let c = 419 - 426. Let p be 8 - ((-98)/2)/c. Let b(q) = -27*q - 1. What is b(p)?
-28
Suppose -7*f + 19075 = 5677. Let v(l) = 1912 - f + 2*l - 5*l. Give v(-2).
4
Suppose -54*c + 415 = -59*c. Let v = 87 + c. Let b(t) = 7*t - 11. Let r(q) = -20*q + 32. Let p(k) = -11*b(k) - 4*r(k). What is p(v)?
5
Let r be (-5 + (3 - 0))*(-3)/(-6). Let q(m) = -91*m - 94*m - 99*m + 292*m - 6 + 7. Calculate q(r).
-7
Let t be (-43 - -10) + 37 - (6/21)/((-3)/(-42)). Let p(h) = -h - 1. Let y(f) = 5*f + 3. Suppose 11 + 34 = -5*r. Let n(x) = r*p(x) - 2*y(x). Calculate n(t).
3
Let n(l) = -l**3 - 2*l**2 + 4*l - 2. Let v be ((-2)/8)/((55/20)/(-11)). Let p be -5 + 2 + 5/v. Calculate n(p).
-10
Suppose 4*t + 7*b = 8*b + 51, 2*t - 53 = -5*b. Let u(q) = -5*q + 57. Calculate u(t).
-13
Suppose 4 + 14 = -3*f + 2*y, 0 = -3*y. Let x(s) = -66*s**2 - 62*s**2 + 7 + 133*s**2 - 5*s + s**3. What is x(f)?
1
Let b = -142 - -196. Suppose 3*y + b = 12*y. Let m(d) = d**3 - 5*d**2 - 6*d - 2. Calculate m(y).
-2
Let o(f) = -f**2 + 44*f - 219. Let w be o(6). Let t(c) = -3*c + 8. What is t(w)?
-19
Let k(z) = -z**3 - 15*z**2 - z + 2. Let b(h) = -6*h**3 - 86*h**2 - 5*h + 8. Let j(l) = -b(l) + 5*k(l). Calculate j(-4).
114
Let u(j) = -j + 1. Let v(h) be the second derivative of h**3/6 + h**2/2 - 15*h. Let y be v(2). Suppose 0 = -y*d - z - 13, -2*z = d + 3*z - 5. Determine u(d).
6
Let x be (-6)/(-9)*-12 + 4. Let y be x/3*(-57)/19. Let j(h) = 4*h**2 + 0*h + 0 + 2*h - y + 3. Give j(2).
19
Let p be 45/30 + (-7)/(-2). Suppose -4*a + 5*g + 29 = 0, 2*a + 2*g = p*a - 20. Let h(k) = 6*k - a - k**2 + 0*k**2 + 0*k**2. Determine h(6).
-6
Let l(t) = 5*t**3 - 6*t**2 - 11. Let j(p) be the first derivative of -p**4 + 5*p**3/3 + 8*p + 23. Let z(d) = -4*j(d) - 3*l(d). Determine z(1).
0
Suppose -2*n = 2*y + y, 5*n - 13 = -y. Let w(r) = -r**3 + 32*r**2 - r + 5. Let u(o) = -o**3 + 37*o**2 - o + 6. Let k(p) = -5*u(p) + 6*w(p). What is k(n)?
33
Suppose 0 = -5*i + 4*t, 3*i - 13 = 3*t + 2*t. Let c(j) = 47*j + 764. Let x(o) = -17*o - 285. Let d(v) = -3*c(v) - 8*x(v). What is d(i)?
8
Let r = 868 - 868. Let s(m) = m**2 + 8*m + 6. What is s(r)?
6
Let g(i) = 78*i**2 + i - 2. Let p(y) = -y**3 - 11*y**2 - 23*y + 9. Let r be p(-8). Calculate g(r).
77
Let d(l) = -l**3 - 9*l**2 - 7*l + 8. Suppose -3*g + 11*g = 8. Let v be 35/25 - g - (-210)/(-25). Give d(v).
0
Let i be (6/(-9))/(60/(-450)). Let l be 82/10 - (-1)/i*-1. Let v(d) = d**3 - 9*d**2 + 10*d + 5. Determine v(l).
21
Let d(n) = -5 - 163 - n**2 - 2*n + 101. What is d(0)?
-67
Let u = -38 - -38. Let l(h) = 3*h + u*h**2 + 4*h**2 + 1 - 6*h**2 + h**2. Determine l(-3).
-17
Let j(n) = -60 + 3*n - 68 + 129. Let h(c) be the first derivative of c**2/2 + 9*c + 2. Let a be h(-7). What is j(a)?
7
Let t(d) = 3*d + 2. Let l(s) = 2*s - 8. Let v be l(6). Let c(j) = 2*j - 2 + j - 2 - 6. Let o be c(v). What is t(o)?
8
Let q(y) = -18*y**3 + 34*y**2 - 5*y + 122. Let h(s) = -7*s**3 + 10*s**2 - 2*s + 41. Let d(c) = -8*h(c) + 3*q(c). Determine d(-11).
27
Let j be (-3 + 8)*4/10. Let m(w) = -598 - w**3 - 10*w**j + 0*w**3 - 10*w + 595. Give m(-9).
6
Let j(y) be the first derivative of -y**4/4 + 17*y**3/3 + 23*y**2/2 - 96*y - 1589. Determine j(18).
-6
Let a(t) = t**2 - 3*t - 7. Suppose -4*i - 9 + 17 = 0. Suppose 0 = -n - 0*n, -i*m - 5*n + 108 = 0. Suppose -16*v + 7*v = -m. Give a(v).
11
Suppose 5415 = 18*x - 5997. Let a = x + -639. Let c(u) = 2*u - u + 4*u + 2*u**2 - 7. Give c(a).
18
Suppose 58*v + 21*v + 1243 - 58 = 0. Let n(a) = 11*a + 154. Give n(v).
-11
Let n(i) be the second derivative of i**5/20 + 3*i**4/4 - 5*i**3/6 + 9*i**2 + 5515*i. Determine n(-8).
122
Let g(a) = -a**3 - 9*a**2 + 5*a - 11. Let k be 16 - (-5 - 125)/(-5). Give g(k).
39
Let b(c) = 29*c**2 + 3*c + 3 + 30*c**2 + 6 + 8*c**2 - 68*c**2. Determine b(5).
-1
Let l(y) = -14 + 8518*y - 8507*y + 14 - 4*y**2 - 12. Determine l(4).
-32
Let x(b) = -13*b**3 + 11*b**2 + 107*b + 99. Let o(u) = -5*u**3 + 4*u**2 + 40*u + 34. Let l(k) = -8*o(k) + 3*x(k). Let v be (-2)/(-12) - 1/6. What is l(v)?
25
Let x(q) = -2*q**3 - 12 + 92*q**2 + q + 93*q**2 + 98*q**2 - 294*q**2 + 4. What is x(-5)?
-38
Let h = 22290 - 22292. Let b(n) = 4*n**2 + 1. Let j(c) = -4*c**2 + c - 2. Let q(p) = 3*b(p) + 2*j(p). Determine q(h).
11
Let p(i) = -67 + 188 - 67 - 71 + 8*i - 2*i. Calculate p(-4).
-41
Let b = 10506 - 10503. Let q(o) be the second derivative of 0*o**b - 1/4*o**4 - 41*o + 0 + 0*o**2. Determine q(-2).
-12
Let a(b) = -b + 3. Let h be a(-2). Suppose h + 1 = k. Let o(q) = -8*q + k*q**2 - 5 - 3*q**2 - 4*q**2. Give o(-5).
10
Let f(w) = -w**2 - 340*w + 14. Let x(r) = -2*r**2 + 306*r - 14. Let a(i) = -6*f(i) - 7*x(i). What is a(5)?
4
Suppose -3*m = -5*m + 8. Let t(g) = -g**2 - 2*g - 2. Let v(u) = -36*u - 5*u**2 - 11 - 33*u - 39*u + 102*u. Let h(c) = 4*t(c) - v(c). Calculate h(m).
11
Let t(b) = 7*b**2 + b**3 - 184*b + 184*b + 7. Suppose 0 = 5*n - 0*c - 3*c - 61, 4*c = 3*n - 30. Suppose -n = 22*r - 20*r. Give t(r).
7
Let j(n) = -n**3 - 14*n**2 - 12*n + 18. Let t = 1947 - 964. Suppose 78 = 977*b - t*b. Give j(b).
5
Let g be (55/(-15))/(5/(-165)) - 5. Suppose 118*m - g*m = 10. Let v(i) = -2*i**2 + 8*i - 2. What is v(m)?
-12
Let t(p) = -3*p + p + 13 + p**2 - 5*p - 15 + p. Let r(g) be the second derivative of g**3/6 - g. Let n(a) = 6*r(a) + t(a). Give n(4).
14
Let u(y) = -3*y + 9. Let z(n) = -n. Let h(c) = u(c) - z(c). Let f(p) = -5*p**2 + 5*p + 4. Let b be f(3). Let s = 33 + b. Give h(s).
-5
Let u(o) = -26*o**2 + 1. Let g(l) = 10*l**2 + l. Let c(n) = -5*g(n) - u(n). Determine c(-2).
-87
Let y(h) be the second derivative of -5*h**3/6 - 57*h**2/2 - 2*h - 668. Calculate y(-10).
-7
Let i = -13247 + 13256. Let n(p) = -p**2 + 13*p - 25. Determine n(i).
11
Let m = 3 - 14. Let f = m + 6. Let d be ((-15)/9)/(f/18). Let w(g) = g**3 - 6*g**2 - 2*g - 4. What is w(d)?
-16
Let g(w) be the third derivative of -13*w**4/24 - 2*w**3/3 + 1064*w**2. Determine g(3).
-43
Let r(z) = -78*z - 428. Let h be r(-6). Let s(a) = 2*a**2 - 80*a - 14. Calculate s(h).
-14
Let f = 84 + -82. Suppose 0 = -w + 2*c + 3 + 3, -f*w - c - 13 = 0. Let m(s) be the third derivative of -s**5/60 + 5*s**3/6 - s**2. Give m(w).
-11
Let t(b) = 1 - 3*b**2 + 1 + 0 + 92*b + 4*b**2 - 96*b. Calculate t(-5).
47
Let b(v) = v. Let s(x) be the first derivative of -3*x**2/2 - 6. Let z(c) = 5*b(c) + 2*s(c). Let f be -6*(10/4 - 3). What is z(f)?
-3
Let v(a) = -5*a**2 + a + 6. Let x be -1 - -1 - 285/(-15). Suppose 9*q - x = -1. Let y(g) = 4*g**2 - 2*g - 5. Let u(p) = q*v(p) + 3*y(p). Calculate u(-2).
13
Let h(x) = 5*x**3 + 23*x**2 - 12*x - 2. Let r(y) = y**3 - y**2 - 2*y. Let z(k) = -h(k) + 6*r(k). Give z(29).
2
Let u be 60/(-2 + 2*(-222)/(-240)). Let p = 404 + u. Let n(m) = -m**2 + 4*m - 2. Determine n(p).
-2
Let b(q) = q**3 + 10*q**2 + 128. Let g(f) = -f**3 - 74*f**2 + 76*f + 64. Let w be g(-75). Determine b(w).
7
Let h(j) = -j**3 - 9*j**2 + 10*j - 1. Let f = -20 - -10. Let g be h(f). Let b(z) = 3. Let q(t) = 2*t - 54. Let r(a) = 18*b(a) + q(a). Calculate r(g).
-2
Let v(j) = -2*j + 83. Let c be v(34). Let q(n) = -10 - 22*n + 48*n - 12*n - c*n. Let t(a) = -a**3 + a**2 - a + 1. Let l be t(1). What is q(l)?
-10
Let m(u) = 19*u - 138. Let r = -812 + 819. Let h be m(r). Let z(y) = 3*y**2 + 4*y - 5. Determine z(h).
50
Suppose 64*r - 60*r = -152. Let a be r/(-133) - (-4)/(-14). Let y(u) = -u + 12. What is y(a)?
12
Let q(k) = 